 Let i(t) be the third derivative of t**4/24 + t**3/2 - 83*t**2. Calculate i(c).
2
Let b(y) = -10*y + 9. Suppose 88*n + 465 = -63. Let s(w) = -1. Let h(z) = -9*z + 36. Let u(f) = -h(f) - 27*s(f). Let q(g) = n*u(g) - 5*b(g). Give q(7).
-19
Let t(b) be the first derivative of b**4/4 + 2*b**3 - b - 5189. Suppose -3*l + 25 = -20. Suppose 0 = 4*h + 9 + l. Calculate t(h).
-1
Let g(v) = -310*v**2 + v - 306*v**2 + 617*v**2 - 5 + 10. Determine g(0).
5
Suppose 5*n + 15*i - 14*i - 26 = 0, -3*n = -4*i - 11. Let f(q) be the third derivative of 0 + 1/2*q**3 + 1/4*q**4 + 1/60*q**n - 6*q**2 + 0*q. What is f(-6)?
3
Let a = -31 - -21. Let o be a*(20/5 - 3). Let k(h) = -4 + 0*h**2 + 0 - 11*h + 8*h**2 - 15*h**2 + 6*h**2. What is k(o)?
6
Let l(b) = -548*b + 27. Let x(y) = 92*y - 1. Let p(k) = l(k) + 6*x(k). Give p(-14).
-35
Let a(u) = 109*u - 217. Let i = 25690 + -25688. Give a(i).
1
Let f(j) be the third derivative of -j**4/8 + 17*j**3/6 + j**2. Let s be ((1/6)/(23/1932))/(4 + -2). Calculate f(s).
-4
Suppose -4*d - 21 = -4*s - 89, -3*s = -21. Let w(a) = -a**3 + 28*a**2 - 97*a + 29. Give w(d).
5
Let u(m) = -191 + 11*m + 376 - 13*m - 188. Let z = -10 - -4. What is u(z)?
9
Let g(s) = -4*s**2 + 5*s - 2. Let v(l) be the first derivative of 8*l**2 + 51*l - 32. Let x be v(-3). Calculate g(x).
-23
Let o(t) = t**2 + 13*t + 26. Let w be (-30)/33 - (-4212)/(-594). Calculate o(w).
-14
Let k(q) = 3*q**2 - 9*q. Let t be (-144)/18 - 48/(-4). What is k(t)?
12
Let b(g) = -9*g - 4 - 3 + g**2 - 4*g**2 + g**2. Suppose -5*w = 133 - 163. Suppose -w*r + 12 = -8*r. What is b(r)?
-25
Let t(r) = r + 16. Suppose 0 = -k - 4*v, -k - 2*k + 4*v = 0. Suppose -5*l + 3 + 37 = k. Suppose 4*p - 10 = -5*q - p, 5*q + l = 4*p. What is t(q)?
16
Let n(u) = u**2 - 3*u - 3. Let j be n(4). Let t(o) be the first derivative of 4*o**2 - 2*o + 43824. What is t(j)?
6
Suppose -12*g + 10*g - 21 = z, 4*z + 4 = 0. Let a(p) = 243*p**2 - 5 - p**3 - 2 - 253*p**2. Give a(g).
-7
Let a = -34 + 41. Suppose 2*s = -4*d - 8, s + 3*d = -14 + a. Let m(l) = 8*l - 3. Give m(s).
13
Let z(q) = 15*q + 22. Let y(s) = -2*s**2 + 110*s + 346. Let x be y(58). Calculate z(x).
-8
Suppose -37*a - 12 = -4*s - 40*a, -3*s + 67 = -5*a. Let w(y) = y**2 - 6*y + 4. Determine w(s).
31
Let l = 4 - 43. Let w be 4 + 13/(l/306). Let x = -85 - w. Let j(h) = -h + 19. Give j(x).
6
Let z(u) = u**2 - 3*u + 2. Let r be (0*3/(-9))/(-3). Suppose 5*p - 2*p - 72 = r. Let l = p + -21. What is z(l)?
2
Let q(k) = -k**2 - 4*k + 67. Let c be q(6). Let j(r) = -7*r**3 + 9 + c*r**2 - r**2 + 6*r**3 + 4*r. What is j(7)?
-12
Let n(c) = c - 16. Let k(v) be the third derivative of -7*v**4/24 + v**3/3 + 90*v**2. Let g be k(2). Give n(g).
-28
Let d(l) = -4*l**2 - 3*l - 4. Let n(q) = q**2 + q + 1. Let w(t) = -2*d(t) - 7*n(t). Let z = -47291 + 47291. Determine w(z).
1
Let c(s) = -s**3 - 2*s**2 - s + 1. Let b be -1*(-2 + 1) + 3. Let g be (-6 + b)*(-52)/8. Let w be (-2)/3*(g - 10). Give c(w).
3
Let q(n) = 2*n - 7. Suppose -3*d = -9, g - 4*d - 14 = -10. Suppose -3*m = -2 - g. Determine q(m).
5
Let l(h) = -h**3 + h + 1. Let m(n) = -4*n**3 + 5*n**2 + n - 1. Let y = 17 - 18. Let z(p) = y*m(p) + 5*l(p). Suppose 1911*i - 1900*i = -55. What is z(i)?
-14
Let v(n) be the third derivative of -n**4/24 + 22*n**2. Let j(c) = 6*c. Let b(k) = -k. Let s(o) = 2*b(o) + j(o). Let g(u) = 6*s(u) + 22*v(u). Determine g(3).
6
Let z(o) = -4*o**3 - 9*o**2 + 3*o + 1. Let c(x) = -3*x**3 - 8*x**2 + 2*x + 2. Let a(b) = 3*c(b) - 2*z(b). Suppose -26*f + 96 = -42*f. What is a(f)?
4
Let l(v) be the first derivative of -v**3/3 + 3*v**2 + 3*v + 640. What is l(7)?
-4
Let c(q) be the second derivative of -1/20*q**5 + 7/6*q**3 - 3*q**2 - 5/12*q**4 + 0 + 11*q. Let s(z) = -z**3 + 4*z**2 - 2*z + 2. Let u be s(4). Determine c(u).
-12
Let z = 6 - 4. Suppose -5*v = -4*m - 26, 5*v - 7*m - 2 = -9*m. Let i(j) = -9 + 0*j - v*j + 7 + j**z. What is i(3)?
1
Suppose -5 = 3*d + 7. Let q(l) = 7*l**2 + 11*l + 8. Let j be q(d). Let y = 66 - j. Let s(n) = n + 12. What is s(y)?
2
Let u(c) = c**2 - 10*c - 8. Let p be u(6). Let i be (p/(-20))/(2/(-5)). Let v(n) = n**2 + n + 5. Calculate v(i).
17
Let k(q) = -3*q - 1. Let z be -7 + (-17)/153*-18. What is k(z)?
14
Let u(w) = -2*w + 6. Suppose 23*m + 160 = 7*m. Let b be (m/(-30))/((-2)/(-90)). Let x(y) = -y + 19. Let d be x(b). Calculate u(d).
-2
Let y(o) be the first derivative of -7*o**3/3 + o**2 + o - 839. Let t be (-10)/(-35) - (-52)/14. Let c be (-7)/t + 9/12. Determine y(c).
-8
Let h(l) = -3*l**2 - 19*l - 34. Let a(o) = 61*o**2 + 383*o + 679. Let s(g) = 2*a(g) + 41*h(g). Determine s(-5).
4
Suppose 9 = 6*c - 33. Let g(k) = 5*k - 3 - 3*k + c - 6*k. Give g(-4).
20
Let i(d) = d + 2. Let t be i(-5). Let j be (0 - 2)*t*1. Let c(a) be the first derivative of -a**4/4 + 2*a**3 + a**2 - 6*a + 959. Calculate c(j).
6
Let b be 21*(8/6 - 1). Let x be 6/12 + b/2. Let p(g) = g**2 + 2. Let o(z) = 3*z**2 - z + 5. Let d(q) = o(q) - 2*p(q). Give d(x).
13
Suppose -8*s = 35*s + 645. Let w(m) be the third derivative of -m**4/12 - 11*m**3/3 - 8*m**2. Calculate w(s).
8
Let s(c) = c**3 - 25*c**2 - 21*c - 5. Let z(n) = 3*n**3 - 77*n**2 - 63*n - 19. Let k(f) = 10*s(f) - 3*z(f). Give k(20).
-13
Suppose 0 = 17*g - 7 - 27. Let i(p) = 58*p + 3 + 0 - 57*p + g. What is i(-4)?
1
Let m(v) = 4*v**3 + 50*v**2 + 19*v + 12. Let f(r) = 3*r**3 + 37*r**2 + 15*r + 9. Let l(c) = -11*f(c) + 8*m(c). What is l(-5)?
12
Let j(y) = 4*y**3 - 2*y**2 - y. Let k be (-3 - (-660)/16) + (-20)/80. Suppose -x + 42 = -n - 0*x, 2*x - 123 = 3*n. Let r = k + n. Calculate j(r).
-5
Let m = 79 - 84. Let c(n) be the first derivative of -17 + 3*n - n**3 + 3*n**2 - 1/4*n**4. Determine c(m).
23
Let p(w) = -10*w - 3. Let a(c) = 6*c + 7. Let x(f) = 4*f + 5. Let u(i) = 5*a(i) - 7*x(i). Let z(t) = -p(t) - 6*u(t). Suppose h = -2*h + 12. Determine z(h).
-5
Let j(h) = 27887*h**3 + 5 - 55773*h**3 + 32*h**2 - 67*h + 23 + 27887*h**3. Calculate j(-34).
-6
Let h = 64 - 61. Suppose 0 = z - c - 4 - h, 0 = 4*z - 3*c - 27. Let n(y) be the third derivative of -y**4/12 + 7*y**3/6 + 31*y**2. Give n(z).
-5
Let n(o) = -o**2 + 5*o + 1. Let x = 151 - 137. Suppose 44 = x*b - 40. Calculate n(b).
-5
Let l(b) = b**2 - 9*b + 51. Let a(h) = -9*h**2 + 80*h - 489. Let j(z) = -2*a(z) - 19*l(z). What is j(8)?
33
Let a(w) = w**3 - 3*w**2 - 11*w + 2. Let l be a(-2). Let r(i) = -4 - 3 + l*i**3 + 1 - i**2 + 7. Suppose 4*u + 7 = 5*j - 4*j, -5*j + 4*u + 3 = 0. Calculate r(j).
-4
Let g(r) = 3*r - 6*r**2 + 5*r**2 - 4*r + 0*r**2 + 30. Let k = 61 - 61. Determine g(k).
30
Suppose 0 = f - 2*f + 9. Let i(g) = 2*g**2 - g**3 - f*g + g + 2 + 6*g + 0*g. Determine i(2).
-2
Let x(j) = 35*j**2 + 149*j + 101. Let s(v) = -8*v**2 - 36*v - 25. Let k(m) = -9*s(m) - 2*x(m). Determine k(-11).
-21
Suppose -8*g - 14*g = 0. Suppose 5*h + 5 = g, -p + 6*p - 13 = 3*h. Let u(w) = -w**3 + 4*w**2 - w - 1. Determine u(p).
5
Suppose 9355*n = 9397*n. Let c(m) = 7*m - 9. Let s(x) = 3*x - 5. Let l(g) = 2*c(g) - 5*s(g). Determine l(n).
7
Let y = 0 - 5. Let i be y*(-184)/60*3/1. Let h = -39 + i. Let d(j) = -j**3 + 6*j**2 + 9*j - 10. Determine d(h).
4
Let s = -715 + 720. Let n(x) = -x. Suppose -2*g = -3*k - 9, 3*k + 21 = -4*g + 2*g. Let m(h) = -h**2 - 2*h - 5. Let q(r) = k*n(r) + m(r). Calculate q(s).
-15
Suppose 11*c - 5*t = 7*c + 7, 0 = c + t - 4. Let k(n) = -10 + 2*n + 9*n**2 - 23*n**c - 2*n**3 + 24*n**3. What is k(9)?
8
Let k(s) = -s**2 + 3*s + 1. Let o(b) = b**2 - 9*b + 8. Let t be o(6). Let q = -2 + t. Let u be (-3)/q + (285/12)/5. What is k(u)?
-9
Suppose -4*c - 7*c = -308. Suppose 0 = 23*d - 27*d - c. Let t(i) = i**3 + 6*i**2 - 6*i - 10. Determine t(d).
-17
Let q(k) = 60*k**2 - 3*k + 2. Let z(f) = 348*f - 2435. Let l be z(7). What is q(l)?
59
Let w(q) be the third derivative of q**4/3 + 37*q**3/6 - q**2 + 561*q. What is w(-4)?
5
Let w(i) = -742*i**3 - 3*i + 2214*i**3 - 3 - 5*i**2 - 735*i**3 - 738*i**3. Let d(x) = x**2 - 7*x + 4. Let z be d(6). Determine w(z).
-9
Let t = -37 + 45. Suppose t*a + 28 = 196. Suppose 0 = 4*g - 41 + a. Let h(p) = 4*p. What is h(g)?
20
Let w(v) = 12*v**2 + 5*v - 22. Let x(h) = 5*h**2 + h - 11. Let d(u) = 3*w(u) - 7*x(u). Give d(-4).
-5
Let a(t) = t**3 + 26*t**2 + 3*t + 23. Let i(v) = 2*v**3 + 39*v**2 + 5*v + 31. Let u(h) = -7*a(h) + 5*i(h). What is u(-4)?
-6
Let i(d) = -d**3 + 8*d**2 - 13*d + 